= 129, 3*p - 409 = -d. Suppose p = 3*j - 286. Is j prime?
False
Is (-56931)/(-6) + (20/8 - 4) a prime number?
False
Suppose -2*r + 24 - 14 = 0. Suppose 4*c - 405 = -r*p + 1110, 2*p - 608 = -2*c. Is p prime?
False
Let t(c) = -c**2 - 3*c - 1. Let g be t(-2). Let u be ((-24)/(-4))/3*g. Suppose -u*r - 3695 = -7*r. Is r a prime number?
True
Let j(p) = p**3 - 7*p**2 + p - 5. Let i = 5 + 2. Let l be j(i). Suppose v + l*v = 1893. Is v a prime number?
True
Suppose 1984 + 7274 = 6*r. Is r a prime number?
True
Let g be (0/5)/2*-1. Is (-1 + g)/((-6)/570) composite?
True
Let s be 10350/8 - -3 - 7/(-28). Let t = 2954 - s. Is t composite?
False
Let m = 146 + -145. Is (-3)/15 - (m - 5281/5) composite?
True
Is (-23663)/4*(38 - 42) a composite number?
False
Let y(t) = -t**3 + 6*t**2 - 5*t. Let z be y(5). Suppose z*f = -3*f + 138. Is f a composite number?
True
Let l(f) = 410*f**2 - 3*f - 11. Is l(-6) composite?
False
Let m = 33 + -33. Suppose -k = -m*k - 499. Is k composite?
False
Let h(x) = x**3 - 10*x**2 - 13*x - 4. Let j be h(11). Let s be j/(-10) - 24/(-60). Suppose 0 = -k - 5, -s*u - k + 80 = -2*u. Is u a prime number?
False
Let f = -8840 + 23019. Is f composite?
True
Let p = -10444 + 20980. Suppose 3*z - 3*s - 6147 = 0, -4*s + p - 255 = 5*z. Is z composite?
False
Let p(z) be the third derivative of z**6/120 - z**5/6 - 7*z**4/24 + z**3/6 + 3*z**2. Is p(12) a composite number?
True
Let l(v) be the third derivative of -v**6/40 + v**5/20 - v**4/8 - 5*v**3/6 + 7*v**2. Let h be l(4). Let w = h - -340. Is w composite?
False
Let c be (15/10)/((-3)/(-56)). Let t = c - 23. Suppose 0 = -g + 3, -t*g + 25 = r - 0*g. Is r composite?
True
Let q(c) = 763*c - 621. Is q(24) prime?
False
Suppose 5*d + 5 = 6*d. Is (-14368)/40*d/(-2) a prime number?
False
Suppose 2*k + 4*m = m + 17, -4*k + 10 = -2*m. Let o = k + 145. Is o composite?
False
Let x(r) = 2*r**2 - 2*r + 37. Suppose 0 = 4*f - 0*f. Is x(f) a prime number?
True
Suppose -3*b - 4*k - 1666 = -2*b, b + 5*k + 1666 = 0. Let j = b - -3719. Is j prime?
True
Suppose 0 = 119*k - 122*k + 12603. Is k a composite number?
False
Let p = -21410 + 46467. Is p a prime number?
True
Let x(b) = 4*b**2 - 21*b - 60. Is x(17) a composite number?
False
Let x = 808 + 1855. Suppose 7080 = n + x. Is n prime?
False
Let g be 1/(2/(-3980)*-2). Suppose 6*k - 2*k + 3*s = 2028, -3*k + 4*s + 1546 = 0. Let r = g - k. Is r composite?
True
Let k(p) = -5*p**3 + 3*p**2 - 3*p - 2. Let u(a) = -a**2 + 6*a - 3. Suppose -9 = -2*j + 3. Let v be u(j). Is k(v) a prime number?
False
Let t = -150 - 40. Let g = -121 - t. Suppose -g = -n + 18. Is n a prime number?
False
Suppose 0 = 2*z - 20. Let s be (0 - 0)/(-1 + -1). Suppose -b + z = -s*b. Is b composite?
True
Let o = -4 - -4. Suppose -3*a = -5*h + 16, 5*h - 12 = -o*h + a. Suppose -h*k + 185 = -633. Is k prime?
True
Is (-237515)/(-6) + -5 + 6/36 composite?
False
Let q(s) = -2*s**3 + 23*s**2 + s + 5. Is q(9) prime?
True
Suppose -2 - 6 = 4*q. Let t be (57/6)/(q/(-24)). Suppose -t = -2*l - z, -2*l - 4*z + 126 = -0*l. Is l a composite number?
True
Let h = -8 + 18. Suppose 0 = -g + h + 2. Is 9/g + 932/16 a prime number?
True
Let i = 4504 - 2811. Is i prime?
True
Suppose 2*f + 0*p = 2*p, f - 5*p = -20. Let h(s) = 3*s + 3*s**3 - s - 4*s**3 - f*s + 4*s**2. Is h(2) a composite number?
False
Suppose m = 3*b - 4, 2*b - 6 = 8*m - 4*m. Is m*(3 + -2)*(-842 - -3) prime?
True
Is 24 + 2552 + (5 - 2) prime?
True
Let f be (1 - 4/(-2)) + 1. Suppose -f*j + r = 4*r + 4, -2*j + 4*r + 20 = 0. Suppose j*g - 293 = 29. Is g a composite number?
True
Is ((-129926)/501)/((-2)/39) a prime number?
False
Let g(x) = 342*x**2 - 4*x + 5. Is g(3) a prime number?
False
Suppose 2*v + x = 1106, 6*x + 571 = v + 2*x. Let f be 12/21 + 6088/28. Let z = v - f. Is z prime?
True
Let n = 9831 - 4814. Is n prime?
False
Let i = -1164 + 3590. Is i a prime number?
False
Let g be (4 - 4)/4 + 28. Let h = g - 45. Let j = 114 - h. Is j prime?
True
Suppose 36 = 7*l - 9*l. Suppose 3*h - 96 - 33 = 0. Let x = l + h. Is x a composite number?
True
Let u(a) = -229*a - 15. Let q be u(-13). Suppose 677 = 3*w - q. Is w composite?
False
Let f(g) = g + 0 + 20*g**2 - 1 + 151*g**2 - 2*g. Let x be f(-2). Suppose 0 = v - 0*v - x. Is v a composite number?
True
Let l(h) = -2*h**3 + 2*h**3 + 8*h**2 + h**3 + 9 + 4*h - 4. Let p be l(-7). Let m = 57 - p. Is m a prime number?
True
Is (13 - 402)*(-51 - 2) composite?
True
Let z = 53 + -51. Suppose -z*t + 73 = -81. Is t a composite number?
True
Let r(l) = -2*l - 9. Let g be r(-6). Suppose -b + 547 + 941 = 4*v, 1093 = g*v - 5*b. Is v a prime number?
False
Suppose -t - p = -2*p - 5984, 23930 = 4*t - 2*p. Is t prime?
True
Suppose 0 = -m + 2*z + 378, -2330 = -5*m + z - 431. Suppose d = -v + 5*v + 179, -2*d + m = 3*v. Is d a composite number?
True
Let k be 5 + -4 + 0 + 35. Let x = -22 + k. Suppose 10*b + 836 = x*b. Is b prime?
False
Suppose -5*u - 12185 = -6*u. Is u prime?
False
Is (-3291 + -8)/((-7 - -3) + 3) prime?
True
Let f = -34 - -34. Suppose 20*w - 23*w = f. Suppose 0 = -y - z + 486, 0 = -w*y - 3*y + 4*z + 1479. Is y a prime number?
False
Let v = 1014 - 927. Is v prime?
False
Let f be (-2)/((-6)/14607)*(0 + 1). Suppose -6*l + f = 3*l. Is l prime?
True
Let k = 195 - 125. Let v = k - -793. Is v prime?
True
Let y(w) = 252*w**3 - w**2 - 2*w + 2. Let f = 16 - 15. Is y(f) prime?
True
Let p(n) = -6*n**2 - 6. Let i(f) = 11*f**2 + 11. Let h(c) = -5*i(c) - 11*p(c). Is h(4) composite?
True
Suppose 0 = -m + 3*m - 2*i + 20, 2*i - 8 = 0. Suppose 62 - 232 = -2*b. Let u = m + b. Is u prime?
True
Suppose 0 = x + 6 - 18. Let y be (-10)/(-4)*x/10. Suppose 0*g = -y*g + 753. Is g a prime number?
True
Let c = 12 - 20. Let a = 9 + c. Is ((-4)/(-12))/(a/159) a composite number?
False
Suppose 1 = -6*q + 13. Suppose 0 = -q*u + 3*u - 161. Is u a prime number?
False
Suppose -2*q = -4*t + 12322 + 2852, 2*t - 5*q = 7599. Suppose -4*y + t - 108 = 0. Is y composite?
True
Let s = -808 - -2240. Suppose 93 = 5*w - s. Is w a prime number?
False
Let i be 12/30 - 58/(-5). Suppose 8*m - i*m + 124 = 0. Is m prime?
True
Let w = 1474 - 363. Suppose 22*x = 13*x. Suppose -3*d + k + 318 + 352 = x, -5*d - 4*k = -w. Is d a composite number?
False
Let h(b) = 260*b + 4. Let u be h(9). Let d = u + -1665. Is d a composite number?
True
Suppose m = 3*m - 18. Suppose 7*l - 6*l = m. Suppose 0 = -4*s - b + 833, 0 = -b - 2*b - l. Is s composite?
True
Is ((-5874)/(-44))/(3/22) a prime number?
False
Let c(o) be the first derivative of 0*o - 125/2*o**4 - 5 + 1/2*o**2 + 2/3*o**3. Is c(-1) prime?
True
Let l = 1009 + -566. Suppose -7 + 3 = 4*w. Is l/6 + w/(-6) a prime number?
False
Is 3/4 + 0 - 9827047/(-316) a composite number?
True
Suppose -13*w = -7*w. Suppose w*f + r = -4*f + 3000, -16 = 4*r. Is f prime?
True
Let z = 18 - 15. Suppose 3*r - z*m - 119 = 13, -2*r + 90 = -4*m. Is r prime?
True
Let i(c) = -123*c + 104. Is i(-9) a prime number?
False
Is -2*62/6*111/(-2) a composite number?
True
Let t be (-17)/(-4) + (-81)/(-108). Suppose -2*c - 2063 = -j - 4*c, -t = -c. Is j a prime number?
True
Suppose 0 = -4*m - 4*o + 564, 5*m - 4*m - 4*o - 136 = 0. Let n = -119 + 53. Let g = n + m. Is g composite?
True
Is 6/(-14) + (-139480)/(-28) composite?
True
Let j = 2333 + 3206. Is j a composite number?
True
Suppose 4*i = 7 + 5. Suppose -13*r = -14*r. Suppose -a + r*a = 5*l + 8, -8 = -i*a + l. Is a composite?
False
Let v(k) = -k - 1. Let h be v(-3). Suppose -o + 1223 = -5*z, 0 = z + 2*o + h*o + 253. Is z/(-2) - (-12)/(-8) prime?
False
Let z = -11 - -11. Let l = z - -4. Suppose 0 = -4*x + l*a + 282 + 598, 4*a - 1127 = -5*x. Is x a prime number?
True
Let i = 117 - -14. Is i composite?
False
Let n = 90 - -75. Let c(f) = f**2 - 5*f + 2. Let u be c(5). Suppose -u = z - n. Is z prime?
True
Let b = 86 - -6. Suppose f + b = -317. Let k = -80 - f. Is k composite?
True
Suppose -24*y - 478954 = -38*y. Is y prime?
True
Is (-142808)/(-36) - 4/(-2 - 34) composite?
False
Suppose 3 = v, 3*a + 2*a - 4*v - 578 = 0. Let x be 65/(-2)*(-54)/45. Let p = a + x. Is p a prime number?
True
Let m be ((-6)/(-4))/((-11)/(-22)). Let n(x) = -84*x - 5. Let d be n(m). Is -7 + 3 - (d + 2) a composite number?
False
Let f = 8181 - 5744. Is f composite?
False
Let x(r) = -6*r**3 - 8*r**2 - 11*r + 2. Let f be x(-8). Let h = -1245 + f. Is h a composite 